Suppose -5*p - 3*o = -5*o - 250, p + 5*o = 23. What is the highest common divisor of 36 and p?
12
Suppose 0 = -5*k + 4*k + 17. Let d = k + 23. Calculate the highest common divisor of d and 8.
8
Let q be (-2)/(-4) - (-115)/46. What is the greatest common factor of q and 9?
3
Let i = -30 + 82. What is the highest common factor of i and 39?
13
Suppose -71*r = -75*r + 700. What is the highest common factor of 35 and r?
35
Suppose 25 - 1 = y. Suppose -4*h + y = 2*k, -k - 2*h - 4 = -4*h. Calculate the highest common divisor of 8 and k.
4
Suppose -5*b - 4*o + 35 + 50 = 0, -51 = -3*b - 3*o. Calculate the highest common divisor of b and 51.
17
Let u be 9*(4 - 5/3). Suppose -2*b + 2*y + 12 = 0, 3 + 1 = 4*b + y. Let r be (0 + u/6)*b. Calculate the greatest common divisor of r and 1.
1
Let r(j) = j**3 + 10*j**2 + 10*j + 14. Let t be r(-8). Calculate the highest common divisor of t and 93.
31
Suppose -4 = -3*y + 2*y. Suppose 0 = r + 5*i - 25, r - 32 = y*i - 2*i. Let g = 17 + -11. Calculate the highest common divisor of g and r.
6
Suppose -k + 3*k - 2*s - 14 = 0, -2*k = s + 1. Let r = 2 - k. Suppose 10 + r = n. What is the greatest common divisor of 25 and n?
5
Let c be ((-52)/6)/(6/(-45)). Let h(v) = 5 - v**3 + 2 + 3*v**2 + 3*v - 3. Let w be h(3). What is the greatest common factor of w and c?
13
Let l(n) = n + 6. Let k be l(-8). Let i be (-1)/(-4 - k)*20. Suppose 6*y = 7*y - i. Calculate the highest common divisor of y and 5.
5
Suppose 3*d - d = 4. Suppose 40 = d*a - 4*g, -a - 5*g = -5*a + 86. Calculate the highest common factor of a and 3.
3
Let g be (36/7)/(((-6)/7)/(-6)). Calculate the greatest common divisor of g and 24.
12
Suppose 5*k - 90 = 35. What is the highest common factor of k and 225?
25
Let z(p) = p**3 - 5*p**2 + 2. Let g be z(5). Let h be (1/3)/(g/42). Suppose 3 = 2*m - h. What is the highest common divisor of 2 and m?
1
Let l be 0*(1 - 4)/(-3). Suppose l*i + 30 = 5*i. What is the greatest common divisor of i and 24?
6
Let o = -13 + -1. Let d = 42 + o. Suppose -3*n + d = -n. Calculate the highest common divisor of n and 126.
14
Suppose 8*u + 210 = 13*u. Calculate the highest common factor of u and 14.
14
Let z(x) = -x**3 + 11*x**2 - 18*x + 10. Let g be z(9). What is the greatest common factor of g and 250?
10
Suppose -254 = -5*v + 461. Suppose -3*d + 44 = m, 0 = -2*d - 8*m + 3*m + 51. Calculate the highest common divisor of v and d.
13
Let k = -80 - -266. Calculate the greatest common divisor of k and 31.
31
Let l(t) = 2 + 5*t + 4 - 3*t**2 + 3*t**2 + 2*t**2. Let x be l(-4). Let c be (-12)/(-9)*x/4. What is the highest common divisor of c and 9?
3
Let h = -17 - -26. Calculate the greatest common divisor of h and 9.
9
Let t = 65 + -29. Calculate the greatest common divisor of 18 and t.
18
Suppose -46 = -0*b - 2*b. Calculate the highest common factor of 46 and b.
23
Suppose 4*v = -0*v + 192. Let q = v - 18. Calculate the highest common divisor of 6 and q.
6
Suppose -6*w = -10*w + 12. What is the highest common divisor of 21 and w?
3
Let b be 0 - (1*-1 - 44). Let i(z) = -z**3 + 18*z**2 - 3*z + 63. Let n be i(18). Calculate the greatest common factor of b and n.
9
Suppose 0 = -5*h - 25, 2*m + 4*h + h + 1 = 0. Let x be -2*m*(-12)/16. Calculate the highest common divisor of 27 and x.
9
Let a = 25 - 9. Let y = 206 + -94. What is the highest common divisor of y and a?
16
Suppose 4*b + 340 = 5*g - 2*g, 563 = 5*g - 3*b. What is the highest common divisor of g and 14?
14
Let n be 32/2 - 38/(-19). What is the highest common factor of n and 54?
18
Let b = 48 + -32. Calculate the greatest common divisor of 32 and b.
16
Suppose 13*b + 2 = 15*b. What is the greatest common divisor of 1 and b?
1
Suppose k + 5*b + 7 = 0, -5*k = -0*b + 3*b - 9. Suppose -2*m = 3*r - 63, 2*r - 20 - 9 = k*m. What is the highest common factor of 171 and r?
19
Let b(x) = -x**2 - 11*x + 16. Let s be b(-12). Suppose -3*q - k + 73 - 28 = 0, -2*q + s*k + 44 = 0. Calculate the highest common divisor of q and 40.
8
Let y(i) be the first derivative of i**3/3 + 3*i**2/2 + 2*i + 2. Let k be y(-2). Suppose 60 = -k*l + 5*l. Calculate the highest common factor of l and 8.
4
Suppose -7*z = -146 + 20. Let l(v) = 15*v**2 - 4*v + 3. Let n be l(3). What is the greatest common factor of z and n?
18
Let v be 12*5/((-30)/(-128)). Let y be ((-3)/2)/((-12)/v). Suppose 2*u + 2*u = y. Calculate the highest common factor of u and 20.
4
Let k(f) = 2*f**3 - 2*f**2 - f + 2. Let a be k(-2). Let c be ((-96)/a)/(4/30). Suppose -3*s = 54 - 216. What is the greatest common divisor of c and s?
18
Let i be (-3)/((-1)/10*3). Let l be ((-2)/(-3))/(((-64)/120)/(-8)). What is the greatest common factor of i and l?
10
Suppose 0*g = -3*g + 54. Let o be 1584/60 + 6/10. What is the greatest common divisor of o and g?
9
Let x be 35 + (-4 - -6) + 3. What is the greatest common factor of x and 20?
20
Let q(p) = 4*p**2 + 9*p + 2. Let s be q(-6). Suppose -4*m + 2*y + s = -2*y, 35 = m + 2*y. Let v = m - 13. What is the highest common factor of 112 and v?
14
Let r be 0 + 1/((-1)/3). Let i be -6*(-2 - (-2)/r). Suppose -4 = k, 0*n + 2*k - 552 = -5*n. What is the highest common factor of i and n?
16
Suppose 0 = 5*h - h - 224. Let u(i) = -2*i + 62. Let q be u(-11). What is the highest common divisor of h and q?
28
Suppose -f + 10 = 3*p + 2*p, 0 = 4*p. Calculate the greatest common divisor of f and 50.
10
Let w = 93 - 38. What is the greatest common factor of w and 5?
5
Let t be 5*-6*7/(-21). Suppose 63 = 3*a + 3. Calculate the greatest common divisor of a and t.
10
Let m be (-18)/4*8/(-12). Suppose 0*s = 3*s. Suppose -c + 15 = -m*t - t, -3*c + t + 23 = s. Calculate the greatest common factor of c and 35.
7
Let n be (-6)/15 + 3*186/45. Calculate the highest common factor of 18 and n.
6
Let d(p) = 3*p - 4. Let b be d(3). Suppose 2*v - 22 = 38. Suppose 0 = 6*l - 3*l - v. What is the greatest common divisor of l and b?
5
Let u = 143 - 117. Let o(v) = 3*v**2 + 6*v - 6. Let i be o(-5). What is the greatest common divisor of u and i?
13
Suppose -3*g + 9 + 12 = 0. Let o(a) = a**3 - 7*a**2 + 10. Let u be o(g). Calculate the greatest common factor of 10 and u.
10
Let d = 187 - -13. Calculate the highest common divisor of 20 and d.
20
Let q be (-2)/6 - (-94)/(-6). Let r = 8 + -32. Let k = q - r. What is the greatest common divisor of 40 and k?
8
Let c be (-4)/(-6)*-3 + 0. Let r be 2/((-12)/c)*51. Suppose -5*d = 8*d - 2431. What is the greatest common factor of r and d?
17
Suppose 2*q - 5 = q - f, 5*q + 3*f - 21 = 0. Suppose 6*z + o - 11 = 2*z, q*o - 3 = 3*z. What is the greatest common factor of 2 and z?
2
Let u(v) = 12*v - 3. Let x be u(4). Let w = -22 + 52. Calculate the highest common factor of x and w.
15
Let q be ((-2)/(-1))/(-2) - -11. Suppose 0 = 4*k - 12, s - k = 2 + 20. What is the greatest common divisor of s and q?
5
Let x = 38 - 21. Calculate the highest common divisor of 102 and x.
17
Let r = 93 - 41. Let i be r/(-6)*-3*1. Suppose -2*p = 3*w - 74, w + p - i = -p. Calculate the greatest common factor of 36 and w.
12
Let r = -15 + 26. What is the greatest common divisor of r and 11?
11
Let p(y) = y**3 - 9*y**2 + 3*y - 19. Let u be p(9). What is the greatest common factor of 40 and u?
8
Suppose -11 = -7*p + 24. Calculate the highest common divisor of 5 and p.
5
Let u be 1/4 - 159/(-4). Let s = -918 + 923. Calculate the greatest common divisor of s and u.
5
Let g = -9 + 10. Let r be 3*(2 - 1)*g. Suppose -2*y - 26 = -o - o, -2*o + r*y = -28. Calculate the greatest common factor of o and 1.
1
Let a be (-2)/2 + (1 - -14). Suppose 6*z - 5*z = 98. Calculate the highest common factor of a and z.
14
Let c(i) = 6*i**2 + i - 22. Let u be c(5). Let f = 37 - 18. Calculate the greatest common divisor of f and u.
19
Let m(c) = -c**3 - 5*c**2 - 3*c + 7. Let k be m(-5). Suppose k = y + y. Suppose -139 - 92 = -3*g. What is the highest common factor of y and g?
11
Suppose -2*a - 3*d = -17, 5*a - 36 = -0*a - d. Let s(z) = -z**2 + 10*z - 7. Let i be s(a). Calculate the greatest common factor of i and 21.
7
Let a be (-120)/(-1 - 3/6). Suppose 5*y - a = 3*y. Calculate the highest common divisor of y and 8.
8
Let x be 3/(-6)*-130 - -1. Calculate the greatest common divisor of 33 and x.
33
Let c(s) be the first derivative of -3*s**2 - 8*s - 2. Let n be c